 -2 - (5 + 5)
-9
What is the value of -59 - -80 - (4 + -9)?
26
Evaluate -13 + (14 + 4 + -11 - -10).
4
What is (3 + 0 - (-43 - -59)) + 7?
-6
3 + 16 + 4 + -11 + -1
11
What is 30 - 2 - (89 + -69)?
8
What is the value of 1 + (0 + 16 - (11 + -6 + -2))?
14
What is the value of -11 + 3 - 8 - -7 - -14?
5
Evaluate (15 - (-16 - -39)) + 8.
0
Evaluate 22 + 36 + -2 + -37.
19
Calculate -13 - ((-9 - 0) + 3) - (5 + 2).
-14
What is the value of (-7 + 0 - -7) + (-9 - 2) + 6?
-5
What is (-36 - -41 - (3 + 1)) + -23?
-22
What is the value of 46 + -10 + (-5 - -3 - -7 - 12)?
29
Calculate -5 + -2 + 242 + -237.
-2
Evaluate -6 + (3 - 1) + -8 + 4.
-8
Calculate (6 - ((0 - -10) + (112 - 116))) + -1.
-1
Calculate 0 + -23 + -7 + (-10 + 31 - 6).
-15
What is 15 + (-57 - (9 + -12)) + 12?
-27
Evaluate 1 + 11 - (10 - (-11 + 21)).
12
Calculate -6 + (3 - ((-7 - -7) + (0 - 1))).
-2
Evaluate 10 + (16 - 25) + 9.
10
What is the value of -22 + 15 + 9 - (6 - 2)?
-2
Evaluate (5 - (2 + 19)) + 39.
23
Calculate (53 + -27 - -2) + -13.
15
Calculate 4 - (3 + -4) - ((-10 - 3) + 14).
4
Evaluate (11 - 1) + (-6 + 1 - 19).
-14
Evaluate 3 - (-12 + 15 - -3 - 4).
1
Calculate 8 + (0 - (8 + -2)) + -9.
-7
What is (-4 - (-19 - (9 + -20 - -5))) + 13?
22
6 + -4 + -1 - -8 - (27 - 21)
3
What is (9 + 5 - 2) + -9?
3
(-18 - -1) + 61 + 41 + -113
-28
3 + (18 - 18 - 2)
1
-3 + -1 + 13 + (-1 - 9) - 4
-5
What is the value of -30 - ((-1 - -20) + -27)?
-22
What is the value of -15 - (-23 - 7) - (36 + -7)?
-14
Evaluate -10 - (-6 + -18 + 0) - 6.
8
What is the value of 4 + -12 + 38 - 29?
1
Calculate (-134 - -140) + 2 + -1 + -7.
0
Evaluate -15 + -2 + 5 - -1.
-11
Evaluate -966 + 926 + -1 + 69.
28
What is -2 + (-1 - 2) + (18 + 1 - 8)?
6
Evaluate 7 + (-9 - -6) - (-15 + (-7 - -10)).
16
-8 + 19 + -4 - 7
0
Calculate 1 + (0 + 17 - 11) + -32.
-25
What is 10 + 6 + 2 + -2 + 4 + -10?
10
What is the value of -18 - (-12 + 11) - -9?
-8
Calculate -4 + 0 + -11 - -14.
-1
53 + -65 + 13 + -1
0
Evaluate 2 - 19 - (-610 + 597).
-4
Calculate -2 - (-33 + 11 + 47).
-27
(1 - -8) + (-22 - (-62 - -30))
19
What is the value of (1181 - 1168) + 0 + 5 + (-2 - 0)?
16
What is the value of -7 + (-3 - -8 - 4) + 4 + -17?
-19
What is the value of -18 - (11 + 4) - (0 - (1 - -5))?
-27
Evaluate (-185 - -178) + (-15 - 1) + (3 - 3).
-23
Evaluate 218 + -244 - (1 + -19).
-8
-11 + 6 + (-14 - (-25 - -12))
-6
39 - 64 - (-7 + 9 + -5)
-22
What is -17 - (12 - (26 - 8))?
-11
Calculate -10 + -9 + 10 + 2 + -3 + -1.
-11
What is the value of -7 + (1 - (0 - (5 - 12)))?
-13
-8 - 1 - ((6 - (21 - -5)) + -6)
17
(13 - 4 - 5) + 8
12
-4 + -3 + -11 + 29
11
Calculate 35 + -10 - (15 - -4).
6
Evaluate 2 + 4 + (28 - 43) + -9 + 2.
-16
16 + -18 + (2 - -21) + -13
8
Evaluate (14 - 13) + -10 + 2 - 19.
-26
What is the value of 21 + 1 - (-96 - -116)?
2
What is the value of -6 - (16 - 12) - (19 - 3)?
-26
-25 - (-32 - -10) - (-2 + 2 + 21)
-24
Evaluate 21 + 0 + (68 - 63 - (2 - 0)).
24
What is 7 - (12 + 4 + -8 - (1 - -1))?
1
What is the value of (-14 - (6 + -25)) + 5?
10
Calculate 7 - (-3 + 4 - ((-4 - -1) + -2)).
1
What is -15 - -4 - (-1 + 6 + 3 + 2)?
-21
What is (35 - 39) + (6 - -1) + 4?
7
-663 + 658 - (0 - (-16 + 2))
-19
Calculate -4 - (-9 + 6 - 2) - 14 - -2.
-11
What is 3 + (5 - -3) - (-58 - -58)?
11
Calculate 1 - 3 - ((63 - 31) + -46).
12
What is the value of -8 - ((6 - 5 - 5) + 7)?
-11
Calculate (-24 - -50) + (-27 - -15).
14
What is 8 + 0 + (-40 - (25 + -50))?
-7
(-25 - (21 + -61)) + -23
-8
What is (-33 - 10) + 39 - 32?
-36
What is the value of 8 + -2 + (4 - 7) - (-21 - -18)?
6
Calculate -7 - (-3 - -13 - 20).
3
What is the value of (-1 - (1 - (-25 + (11 - 6)))) + -11?
-33
What is the value of -20 - (-10 - (-1 - (10 - (2 + 0))))?
-19
What is the value of -10 + 1 - (-70 + 66) - (0 + -21)?
16
Calculate (-101 - -112) + (1 - -5) + -3.
14
What is -5 + (0 - (1 + 8) - -7)?
-7
Evaluate (-10 - ((1 - 11) + 9)) + 21.
12
Calculate (8 - -3) + -46 + 6 + -6.
-35
(1 - -7 - (325 - 332)) + -1 + 1
15
29 + 43 + -59 + -15
-2
What is the value of 2 - (5 + -2 + (13 - 8))?
-6
Calculate -9 + 4 + 9 + 10 + 4 + -8.
10
Calculate -6 - -51 - (16 - -7).
22
Calculate (2 - 5 - -2) + 13 + (-215 - -216).
13
Calculate (3 - 4) + 4 + (2 - (0 - -1)).
4
Calculate -1 + (1 - 13) - (-22 + 14).
-5
Calculate (111 - 98) + 0 + -2 + -15 + 13.
9
Evaluate -10 + (0 - 1) + 27 + 9 + -41.
-16
What is -8 + (-28 - -60) + -52?
-28
What is the value of (-9 - 3) + 18 + (13 - -7)?
26
Calculate (0 - -1) + -10 - (-55 + 71).
-25
What is 2 + (13 - (-18 + 23 + 17))?
-7
4 + (8 - (17 - 7))
2
Evaluate 10 - (8 + (19 - 12) - 23).
18
What is the value of 23 + -6 + (-12 + -1 + 18 - -3)?
25
What is (-6 - (8 + -16)) + (3 - -11)?
16
Evaluate -3 + -5 + (-6 - -36).
22
Calculate (-63 - -36) + 6 + 31.
10
What is -17 + (-4 - -7) + 16?
2
What is 3 + 18 - 2 - (-69 - -69)?
19
Evaluate (194 - 196) + 1 + 0 + -3 + -3.
-7
What is the value of -10 + 5 + -7 + 1?
-11
Evaluate (8 - (-2 - -9)) + -13 + 9.
-3
Evaluate -219 + 258 + (0 - 50).
-11
Evaluate 2 + 3 + (-3 - 2) + 0.
0
0 + (-15 - 45 - -33)
-27
What is 2 - (-11 + 1) - (-9 + 7 + 2)?
12
What is the value of (-9 - (-10 + 35)) + 11 + 10 + -5?
-18
What is the value of 25 - (9 - (3 - 15))?
4
-12 + (-27 - -5) - -25
-9
-22 + (-13 - (-7 + -19))
-9
What is the value of (9 + -12 - 3) + (2 - -20) + -5?
11
Evaluate 9 + -32 + 13 + -10 - -6.
-14
What is 2 - (-11 + -3 - -3 - (-9 - 0))?
4
What is 11 + -8 + -6 - (-2 - 12)?
11
Calculate 16 - (7 + 4 + 4) - -2.
3
-8 + 7 + (-4 - -8) + -17
-14
What is -3 + (-7 - (7 + 1 + 20 + -25))?
-13
6 - (-1 + -8 + 2 + 15)
-2
Evaluate -3 - (0 + 0 - 8 - -8).
-3
Calculate -13 + 2 - (-72 + 53).
8
Calculate -4 + 4 - (4 + (-10 - -2) - -2).
2
-7 + 1 + (8 - (-9 - (4 + -2)))
13
Evaluate 92 - 36 - -12 - 34.
34
What is -27 + (7 - -10) + 18 + -7?
1
Calculate 2 + -29 + 9 - -16.
-2
What is the value of 24 + ((-4 - 10) + 1 - (1 + -6))?
16
-11 - (-10 + 13 - (0 + 13))
-1
Calculate (5 - (-1 + (0 - (0 + -8)))) + 12.
10
What is the value of 0 + -13 - (0 - 1 - 7) - -33?
28
Evaluate (-1 - (0 - 9)) + (36 - (-63 + 106)).
1
Evaluate 18 + -9 + 3 + -22.
-10
Evaluate -8 + (13 - (9 - 6)) - 6.
-4
What is -2115 + 2152 + -1 + 0?
36
What is the value of 1 - -22 - (15 - 15 - -12)?
11
-6 + (6 + -14 - -6) - (13 - 10)
-11
Evaluate (-2 - 4) + -4 - -1 - -7.
-2
What is the value of 3 - (6 + 4 + -1 + -6 + -4)?
4
What is (-29 - -26) + (-1 - (-3 + -1 + -9))?
9
What is 8 - ((-10 - -4) + 12)?
2
-1 - (-13 - (-6 + 8 - 3)) - 22
-11
What is -7 - (-20 + (-7 - -23))?
-3
What is the value of -45 + 57 + (0 - (3 + 5))?
4
What is ((-10 - -22) + -5 - 15) + (-4 - 0)?
-12
Calculate (16 - 15) + -4 + (-3 - -6) - 16.
-16
2 - (-38 - (-23 + -1))
16
Evaluate (0 - 1) + 0 - (-38 - (6 - 61)).
-18
What is (6 + -33 - -16) + (-6 - (1 + 0))?
-18
What is -9 - (-3 - 15 - -13)?
-4
What is (-1 + 8 - (-2 + 14 + -16)) + -5?
6
What is the value of 5 + -4 - ((0 - 0) + (0 - -12))?
-11
What is -32 + -31 + 25 + 6?
-32
Calculate (9 - 27 - -5) + 8.
-5
What is the value of 12 - (-2 - -4 - 0) - 12?
-2
Evaluate 13 - ((24 - 4) + -1 + 12).
-18
What is the value of -2 + 1 + (-12 + 75 - 79)?
-17
What is 0 - 3 - ((1 - -1) + (-39 - -39))?
-5
What is the value of -7 - (-25 + (6 + (-3 - 2) - -1))?
16
Calculate -15 + -46 + 66 + 0.
5
What is -11 + 1 + (-72 - -70) - -2?
-10
Evaluate (-2 - (12 + -9 - 2)) + 13.
10
(4 - -37) + -17 + -11 + 10
23
What is -15 - (-6 - (2 + 4 + -5))?
-8
What is the value of -8 - (13 + -4 + (5 - (8 + 0)))?
-14
What is 10 + -8 + 8 + -9 + 11?
12
What is the value of (6 - 11 - 11) + 11?
-5
What is the value of 18 - (-12 - (8 + -34))?
4
(-12 - -9) + 0 + 7 + 3
7
Evaluate 0 + -7 - (7 - 11 - (-12 - 4)).
-19
What is -15 + 6 + -3 - (-5 - 1)?
-6
What is 6 + 0 + (-41 - (-20 + 3)) + 8?
-10
What is the value of -3 + 12 - (-28 + 30 + 22)?
-15
What is the value of -17 - (-29 + 32) - (-4 + (1 - 0))?
-17
14 - ((-3 - -5) + (6 - 2))
8
Evaluate 1 - ((-3 - -5) + 1).
-2
What is the value of -9 + 1 - ((-13 + 8 - -16) + 6)?
-25
Evaluate 10 - (19 - (-1 - -10)) - (1 - -10).
-11
-10 - ((2 - -1) + -2) - -2
-9
Calculate 1 + (-1 - (-2 - 0)) + 1221 + -1200.
23
Evaluate (1 - -8) + (-41 - -35) + 10.
13
1 + 21 - (288 + -286)
20
What is the value of -18 + (36 - -16) + -62?
-28
What is the value of 20 + (5 - 23) + -3?
-1
What is (-31 - (-52 + 26)) + (17 - (2 - 3))?
13
What is the value of 18 + (1 - 2) - ((-7 - 7) + 9)?
22